s of 4890469964?
2, 19, 509, 126421
What are the prime factors of 24165405?
3, 5, 11, 16273
What are the prime factors of 518650702?
2, 6529, 39719
List the prime factors of 34119209.
1201, 28409
What are the prime factors of 1460895266?
2, 47, 15541439
List the prime factors of 122599405.
5, 24519881
What are the prime factors of 66413262?
2, 3, 61, 181457
List the prime factors of 3381070.
2, 5, 7, 11, 4391
What are the prime factors of 6228617?
37, 71, 2371
List the prime factors of 152683786.
2, 76341893
What are the prime factors of 486733262?
2, 113, 193, 11159
What are the prime factors of 620515438?
2, 310257719
List the prime factors of 5496732.
2, 3, 179, 853
What are the prime factors of 145394739?
3, 7, 43, 191, 281
What are the prime factors of 3875446469?
3875446469
What are the prime factors of 68407126?
2, 34203563
List the prime factors of 205510705.
5, 17, 2417773
List the prime factors of 925139984.
2, 57821249
List the prime factors of 3367206044.
2, 11351, 74161
List the prime factors of 800053704.
2, 3, 31, 358447
What are the prime factors of 914705987?
13, 73, 963863
List the prime factors of 131057965.
5, 113, 231961
List the prime factors of 175230260.
2, 5, 179, 48947
List the prime factors of 3226720220.
2, 5, 19, 8491369
What are the prime factors of 655468?
2, 11, 14897
List the prime factors of 35599117.
35599117
What are the prime factors of 9454917?
3, 3151639
List the prime factors of 26327152.
2, 17, 151, 641
What are the prime factors of 1107481271?
13, 59, 1443913
List the prime factors of 134052077.
134052077
What are the prime factors of 115673598?
2, 3, 6426311
List the prime factors of 354128004.
2, 3, 19, 31, 293
List the prime factors of 5163842325.
3, 5, 19, 1223, 2963
What are the prime factors of 38019985?
5, 7603997
What are the prime factors of 2223238036?
2, 17, 31, 1054667
List the prime factors of 42854659.
269, 159311
List the prime factors of 18382685.
5, 239, 15383
List the prime factors of 99783574.
2, 11, 17, 266801
List the prime factors of 257630034.
2, 3, 42938339
List the prime factors of 47391907.
1039, 45613
List the prime factors of 3221597455.
5, 2539, 253769
What are the prime factors of 672153666?
2, 3, 223, 691, 727
List the prime factors of 71458557.
3, 23819519
What are the prime factors of 204085225?
5, 587, 13907
What are the prime factors of 107661589?
7, 109, 149, 947
What are the prime factors of 1997079561?
3, 1213, 182933
What are the prime factors of 2299246392?
2, 3, 19, 47, 71, 1511
What are the prime factors of 528319664?
2, 89, 577, 643
List the prime factors of 68955926.
2, 13, 2652151
What are the prime factors of 643287662?
2, 4603, 69877
What are the prime factors of 1204278?
2, 3, 200713
What are the prime factors of 211323005?
5, 17, 2486153
List the prime factors of 139509051.
3, 11, 151, 27997
What are the prime factors of 7173203?
19, 377537
List the prime factors of 2647290986.
2, 1323645493
What are the prime factors of 2727924438?
2, 3, 2027, 224299
List the prime factors of 289861816.
2, 36232727
List the prime factors of 4109123097.
3, 37, 47, 103, 2549
List the prime factors of 103105516.
2, 25776379
What are the prime factors of 808082525?
5, 211, 153191
List the prime factors of 85616590.
2, 5, 17, 73, 6899
List the prime factors of 482599622.
2, 211, 1143601
List the prime factors of 81248187.
3, 27082729
List the prime factors of 1686799972.
2, 11, 13, 2948951
List the prime factors of 137573321.
137573321
List the prime factors of 1232295920.
2, 5, 19, 683, 1187
What are the prime factors of 565852319?
19, 67, 337, 1319
What are the prime factors of 1594143924?
2, 3, 17, 73, 167, 641
List the prime factors of 4228189718.
2, 2114094859
List the prime factors of 2087881134.
2, 3, 4721, 73709
List the prime factors of 2300916161.
47, 59, 829757
List the prime factors of 38934745.
5, 23, 338563
What are the prime factors of 46672729?
113, 413033
What are the prime factors of 71812845?
3, 5, 13, 17, 29, 83
List the prime factors of 154226745.
3, 5, 241, 14221
What are the prime factors of 930102509?
7, 67, 653, 3037
List the prime factors of 3863500861.
11, 351227351
What are the prime factors of 176326167?
3, 421, 139609
List the prime factors of 1105332393.
3, 11, 33494921
What are the prime factors of 167742106?
2, 7, 2069, 5791
List the prime factors of 115937186.
2, 29, 1998917
What are the prime factors of 1074512812?
2, 17, 79, 139, 1439
List the prime factors of 317208594.
2, 3, 23, 2298613
What are the prime factors of 328361414?
2, 61, 313, 8599
List the prime factors of 50987164.
2, 43, 296437
What are the prime factors of 201743391?
3, 373, 180289
What are the prime factors of 725704265?
5, 11, 13, 29, 31, 1129
List the prime factors of 136692259.
11, 127, 97847
List the prime factors of 1306371897.
3, 7219, 20107
What are the prime factors of 1060972416?
2, 3, 7, 41, 3209
List the prime factors of 152635417.
11, 19, 97, 7529
What are the prime factors of 788657926?
2, 7, 43, 1310063
List the prime factors of 317026576.
2, 557, 35573
List the prime factors of 33537867.
3, 11, 251, 4049
What are the prime factors of 663271917?
3, 7, 11, 1301, 2207
List the prime factors of 280069353.
3, 10372939
What are the prime factors of 4979998030?
2, 5, 7, 29, 2453201
What are the prime factors of 83711605?
5, 23, 31649
What are the prime factors of 86385480?
2, 3, 5, 191, 3769
What are the prime factors of 26725654?
2, 3389, 3943
List the prime factors of 287452719.
3, 131437
What are the prime factors of 768689798?
2, 563, 682673
What are the prime factors of 4059397734?
2, 3, 7, 17, 31, 241, 761
List the prime factors of 25151067.
3, 310507
What are the prime factors of 124037141?
1543, 80387
List the prime factors of 2888891747.
7, 23, 43, 18143
What are the prime factors of 94216759?
7, 13, 353, 419
What are the prime factors of 40411556?
2, 19, 531731
List the prime factors of 60548561.
60548561
List the prime factors of 78143831.
857, 91183
List the prime factors of 522435862.
2, 13, 233, 86239
List the prime factors of 5496918207.
3, 11, 313, 532183
List the prime factors of 329034254.
2, 164517127
List the prime factors of 251502722.
2, 59, 103, 20693
List the prime factors of 1496875403.
239, 2153, 2909
List the prime factors of 283130426.
2, 141565213
What are the prime factors of 758994539?
19, 449, 88969
What are the prime factors of 67090438?
2, 97, 173, 1999
List the prime factors of 1521053209.
13, 157, 745249
What are the prime factors of 102095003?
137, 251, 2969
List the prime factors of 131783989.
1291, 102079
List the prime factors of 22102658.
2, 11051329
What are the prime factors of 66734495?
5, 37, 43, 8389
What are the prime factors of 227682414?
2, 3, 31, 45337
List the prime factors of 3494670.
2, 3, 5, 19, 6131
What are the prime factors of 604480919?
7, 86354417
List the prime factors of 1808965949.
7, 53, 821, 5939
What are the prime factors of 1942045755?
3, 5, 13, 29, 26417
List the prime factors of 264070739.
37, 7137047
List the prime factors of 66866473.
31, 1373, 1571
List the prime factors of 329884250.
2, 5, 79, 16703
List the prime factors of 82055987.
13, 277, 22787
List the prime factors of 183705902.
2, 3271, 28081
List the prime factors of 379193737.
13, 43, 678343
What are the prime factors of 40438222?
2, 11, 1838101
What are the prime factors of 121482351?
3, 1201, 11239
What are the prime factors of 15084309?
3, 19, 264637
What are the prime factors of 167599360?
2, 5, 127, 1031
List the prime factors of 149017594.
2, 11, 6773527
What are the prime factors of 375779884?
2, 93944971
List the prime factors of 35872969.
11, 19, 171641
List the prime factors of 265891924.
2, 61, 997, 1093
What are the prime factors of 137122637?
137122637
List the prime factors of 2896360082.
2, 7, 11, 2053, 9161
List the prime factors of 250618007.
173, 1448659
What are the prime factors of 428077689?
3, 13, 823, 13337
List the prime factors of 1801441076.
2, 433, 1040093
List the prime factors of 46661881.
7, 113, 58991
List the prime factors of 83206664.
2, 10400833
What are the prime factors of 2250780407?
461, 4882387
List the prime factors of 35746670.
2, 5, 41, 87187
What are the prime factors of 4296260387?
42